+ -6 + (14 - 8)?
-17
Evaluate (9 - (0 - -6)) + 1 + -6.
-2
Evaluate 9 + (-31 - -20) + -1.
-3
What is 3 - (-14 - -2 - -8 - -2)?
5
What is 7 + 2 - (2 + 7 + 13)?
-13
Evaluate -15 + 21 - 17 - -17.
6
What is (-1 - -3) + (16 + -4 - 11) + 3?
6
What is 8 + ((6 - 7) + 0 + 0 - -8)?
15
-4 + (16 - 8) + 6 + -1 + -3
6
Evaluate 3 - (-8 + 26 - (1 + -13)).
-27
What is the value of -5 + -25 - (-4 + -1 + -3 - 1)?
-21
Evaluate (1 - (-4 + 9 - 0)) + -5.
-9
Evaluate 1 + -3 + (-8 - (1 + 1)).
-12
What is the value of (5 + -2 - 0 - -1) + (-4 - 13)?
-13
Evaluate 836 - 845 - (-4 + 2 - 0).
-7
Evaluate 21 - ((-2 - 8) + 19).
12
What is the value of -38 + -1 + -213 + 240?
-12
128 - 104 - ((3 - 1) + -5)
27
-2 + 3 + (7 - 10) + -10
-12
Calculate -3 + -4 + 9 + -6.
-4
Evaluate 32 + 3 + -114 + 40.
-39
Evaluate (-6 - -4) + (2 - 4 - -6) + -2.
0
Evaluate 5 - -2 - (78 + -68).
-3
What is the value of 6 - (28 + -5 - 10)?
-7
What is 59 + (-68 - -15) - (41 + 0)?
-35
What is the value of 26 + -5 - (-3 - (-12 - (7 - 13)))?
18
What is the value of -28 - 0 - -20 - -19?
11
Evaluate -322 + 330 + (2 - 15) + 3.
-2
What is -10 + (35 - (14 + -11 - -4))?
18
What is -3 + 5 + (-5 - -11) + 1 + 3?
12
Evaluate 1 + -8 - -5 - (-4 - (-3 + 2)).
1
(0 - -4) + 17 + -7
14
(149 - 144) + (19 - (3 - 4))
25
4 + -43 + 8 + 10
-21
What is (-14 - (-3 - (6 + -2)) - -21) + -5?
9
What is the value of -17 - -19 - (14 - (0 - 0) - 7)?
-5
Calculate (10 - (16 + -1) - (-4 + -1)) + -26.
-26
Calculate (-14 + -4 - -9) + -1 + 4 - -3.
-3
Calculate 3 + -44 + 81 - (17 + -1).
24
What is -3 - (4 + -9 + 5 + -3)?
0
4 + 12 + -10 + 1 + -1 + 4
10
(7 - -3) + -5 + 4 + -11
-2
What is the value of (6 - 5) + (28 - 41)?
-12
9 - 17 - (3 + (9 - 15))
-5
Evaluate -12 - (13 - 20) - 2.
-7
What is the value of (-30 - -13) + -10 - -18?
-9
72 - 75 - (3 - -6)
-12
Calculate -11 + 7 - -17 - 7 - (11 - 4).
-1
What is 12 + -2 - -18 - 16?
12
What is the value of 4 + (-2 - -4) + (-5 - (-14 + -6))?
21
(3 + -13 - (-1 + -8)) + -1 + 19
17
What is the value of (9 - 9) + 11 + -1 + (-4 - -1)?
7
What is the value of 22 - (-8 - (-2 - 16))?
12
What is (5 - (5 + -2)) + 20 + -29 + 19?
12
Evaluate -15 + (12 - -5) + (-16 - 2) + 5.
-11
What is the value of 6 + -9 + (4 - -2)?
3
What is -64 + 32 + 9 - -20?
-3
What is the value of 0 + -3 + 15 + -10 + (-2 - -5)?
5
Calculate (9 + -3 - 5) + (-3 - (2 - -1)).
-5
What is the value of 9 + -5 + (4 - -3) + 12?
23
What is the value of 26 + -34 + (3 - -4 - 5)?
-6
Calculate 15 - (-2 + -1 - (21 - 26)).
13
What is (3 - 0) + 7 + -2 + -4 + 0?
4
What is -3 - -1 - (25 - (26 + -2))?
-3
What is the value of (28 - (10 + -7)) + 3 + -1 + 2?
29
21 + (-23 - (3 - 10)) + 0 + -13
-8
What is the value of 3 + -1 + 2 + 1 + -187 + 167?
-15
Calculate -1 + 4 + -19 + -30 + 26.
-20
Calculate -1 + 34 - (3 + -4 + 6).
28
Evaluate -1421 + 1443 - (36 - 0).
-14
What is (144 - 152) + 1 + 0 + 14?
7
Evaluate -5 + (-4 - (-19 - -7)) + -8.
-5
36 + (9 - (58 - -24))
-37
Calculate (4 - (5 - -4)) + -148 + 148.
-5
Evaluate (-2 - (-6 + 7 - -38)) + 9.
-32
What is the value of (-23 - 7 - -30) + 1?
1
What is the value of 1 + 4 + (7 - 14) + 14?
12
Calculate 20 - (8 - 25 - -51) - -4.
-10
Calculate 20 + (-63 + 20 - -10).
-13
Evaluate 3 + 8 + (-20 - (-4 + -8)).
3
What is (-3 - -4) + (1 - (11 - 3)) - 5?
-11
Evaluate 0 - (-6 - (3 + (9 - 7))).
11
What is 20 + -42 + 11 - -2?
-9
What is the value of (0 - (8 - 9)) + 13 + -4 + 0?
10
What is the value of -20 + 3 - (-16 + 6)?
-7
Calculate -1 + 5 - (-38 + -28 + 88).
-18
Calculate (1 - (8 + 2)) + (-912 - -907).
-14
Evaluate (35 - (7 + 7)) + -16.
5
Calculate -12 + (-2 - -5 - 6 - -10).
-5
What is the value of (9 - 1 - (-19 - 10)) + -10?
27
Evaluate (-3 + (31 - 9) - 9) + -3.
7
Calculate -12 + 0 + (-9 - (-4 + 7)).
-24
What is the value of -13 + (-32 + 20 - -33)?
8
Calculate 694 - 664 - (14 - -1).
15
What is the value of -6 - ((1 - -2) + (-30 - -25))?
-4
What is the value of 2 + 0 - (154 + -151)?
-1
Calculate 22 - (-31 + 47 - 17).
23
What is (-5 - -24) + 4 - (21 + -5)?
7
Evaluate 6 + -6 + 2 - 4 - 10.
-12
What is the value of (-21 - ((4 - -1) + -10)) + (8 - 0)?
-8
What is the value of -2 - (-15 + -11 - -28)?
-4
7 - (-8 + (16 - 8) - (-3 - 2))
2
0 + 14 - (-5 + 0)
19
Evaluate 18 + (2 - (11 + -1)).
10
What is 7 + (6 - 4 - 12) + 3?
0
What is the value of 1 + (-5 - -8) - (-3 + 16)?
-9
Calculate (40 - 47 - 34) + 20.
-21
Evaluate -2 + 23 - (9 + -19 + 31 - 20).
20
What is 55 - 54 - (-14 - ((1 - 0) + -2))?
14
Calculate -75 + 84 + 3 + -20 + 0.
-8
Calculate -2 + -29 + 10 + 8.
-13
Calculate -10 - (-12 - (19 + -18)).
3
Evaluate -12 - (5 - (9 + 7 + -1)).
-2
11 + -1 + 2 + -13
-1
-1 + (-1 - -10) - (34 + 69 - 114)
19
What is -56 - (21 - 20 - 24)?
-33
Evaluate (7 - 0 - -1) + (-36 - -18).
-10
What is the value of 16 + -1 + (-5 - 2) - 17?
-9
Evaluate 2 + -6 + -4 + (-1 - 5 - -16).
2
What is the value of 1 + -7 - -5 - (-19 - -18)?
0
What is 7 - (28 + (6 - 10))?
-17
Evaluate 16 + (-6 - (-3 - -4)) - (-23 + 65).
-33
What is 2 - 2 - -6 - 19?
-13
What is the value of -701 - -679 - (6 - (4 - (0 + 1)))?
-25
Evaluate 2 + -21 + 4 + -13 + -3 + 21.
-10
-1 + 11 + -17 + (13 - 1) + 0
5
-3 + 0 + -11 + 5
-9
Calculate -8 + (-1 - -8) + (-2 - (7 - 13)).
3
Calculate 4 + 5 + -4 + 5.
10
(5 - 2 - 2) + -8 + 2 - -15
10
Evaluate (-1 + -6 - (2 - 2)) + 95 + -100.
-12
Evaluate -23 + -20 + 18 + 36.
11
Calculate -4 + (-16 - -19) + (6 - -4).
9
What is the value of (-12 + -5 - -25) + -20?
-12
Calculate -3 - (2 + (1 + -6 - (-78 + 80))).
2
Evaluate (-3 - 0) + 3 - (-18 - -17).
1
What is -15 - (-137 - -130 - (-2 - 16))?
-26
Evaluate (6 - (-34 + 27 - (-1 + -5))) + -11.
-4
What is the value of 18 - (2 - -5) - (17 + -11)?
5
23 + (7 + -4 - 14)
12
Calculate -16 - ((-1 - 12) + -48 + 16).
29
Evaluate 1 - (0 + (-6 - -2)).
5
22 - (44 + -20) - -2
0
-13 - (12 + 1 + -40)
14
Calculate -13 - 0 - (-61 - (-29 - 33)).
-14
What is the value of 2 + (-5 - 13) - (-10 - -5)?
-11
What is the value of -1 + -1 + (19 - 7) - (1 + -1)?
10
Calculate -7 + -2 + (7 - -4) + (5 - 5).
2
-3 - -11 - -4 - (-4 - (8 - 15))
9
What is -192 + 195 + 0 + 3 + 3?
9
28 - ((-32 - -68) + -19)
11
Evaluate -6 - (34 + -5 - (34 - 17)).
-18
Calculate (0 - (-9 - 3)) + -13.
-1
What is 23 + 1 - (-10 - -7 - 1 - -7)?
21
What is the value of 6 + (-22 - -15 - -10 - (1 - -31))?
-23
-9 + 6 + -7 + (1 - -9)
0
-44 + (21 - 12 - -17)
-18
Evaluate -7 + -5 + 5 + -3.
-10
(-3 - (-3 + 1)) + (7 - (-5 + 10))
1
-8 + (-8 - (-10 - 2))
-4
What is the value of -1 + 7 + (1 - (9 + (9 - 8)))?
-3
9 + -8 + 0 + -3 - 5 - 4
-11
What is the value of 46 - (-21 + 52) - (0 + 11)?
4
Calculate 7 + 4 + 9 + -7 + (-44 - -9).
-22
What is (-4 - (8 - 3)) + 13 + 10 + -7?
7
What is the value of -11 + -2 + 3 - (-13 + 21 + -1)?
-17
(1 - -1) + 1 - (-11 + -35 - -42)
7
-6 + 12 + -18 + 26
14
What is 309 - 303 - (2 - (2 - -5))?
11
What is the value of -736 + 742 - (0 - (0 + -1 - 1))?
4
Calculate 13 + -15 - (7 + 1 + -5 + -6).
1
What is the value of -5 + (-8 - -11) + 1 + -1 + 17?
15
Evaluate -30 + 33 + 0 + 0 + -1 + -1.
1
Calculate -3 - (-23 + 7 - -17).
-4
What is the value of -31 + 12 + (46 - 36)?
-9
What is the value of -7 + (18 - 7) + -2 - 4 - -10?
8
What is the value of 5 - ((0 - -7) + -19 + 24)?
-7
What is 1 + 2 + -1 + 45 + -43 + 4?
8
Evaluate -4 + (-4 - -2 - -9 - -15 - 8).
10
What is the value of -332 - -332 - (2 + -2)?
0
Calculate -4 + (-5 - -1) - (206 - 198).
-16
Evaluate 3 - (11 - -21) - -53.
24
What is the value of 49 + -55 + 13 + -4?
3
Evaluate 3 + (8 - 4) - (2 + 0 + -1).
6
What is (-13 - (-7 - -15)) + 13?
-8
Calculate 3 + -19 + 3 - (-7 + 9 + -5).
-10
Calculate 0 + 13 - (-167 + 192).
-12
Calculate (-1 - 1) + (-70 - (2 + -65)).
-9
What is the value of 3 + -9 + -3 + (-2 - 0) + -1?
-12
What is the value of 93 + -114 - (0 - 5)?
-16
What is the value of (3 - (-4 - ((-5 - -2) + 3))) + 3?
10
What is the value of 15 - 10 - -5 - (6 + -2)?
6
Calculate -9 - ((-6 - -6) + -20) - 2 - 8.
1
(4 + -1 - 6 - 1) + 2 + 13
11
Evaluate (2 - -1) + 6 - (68 + -74).
15
(-15 - -15 - 2 - -12) + -9
1
What is -55 - (-19 - -10) - -32?
-14
(2 - 1) + 0 - (-38 - 17 - -56)
0
Evaluate (2 - 21) + -21 + 15 + 6.
-19
Evaluate (12 - 8) + -6 + -8 + 18.
8
(11 + (-1 - 9) - 11) + 26
16
What is (1 - -2) + (-22 - 3) + 22?
0
Evaluate -29 - (30 + -23) - -25.
-11
What is -19 + 9 + -1 + 15?
4
What is -8 - 4 - -6 - (-4 - -8)?
-10
What is the value of -1 + -2 - ((-10 